{"id":75,"date":"2022-09-14T15:36:25","date_gmt":"2022-09-14T13:36:25","guid":{"rendered":"https:\/\/naturerlebnispfad.alraune-hamburg.de\/?page_id=75"},"modified":"2022-09-14T15:36:25","modified_gmt":"2022-09-14T13:36:25","slug":"anfahrt","status":"publish","type":"page","link":"https:\/\/naturerlebnispfad-alraune.de\/index.php\/anfahrt\/","title":{"rendered":"Anfahrt"},"content":{"rendered":"\n<p>AZG Alraune<br>Fabriciusstra\u00dfe 225-231<br>22177 Hamburg<\/p>\n\n\n\n<div class=\"wp-block-columns is-layout-flex wp-container-core-columns-is-layout-9d6595d7 wp-block-columns-is-layout-flex\">\n<div class=\"wp-block-column is-vertically-aligned-center is-layout-flow wp-block-column-is-layout-flow\" style=\"flex-basis:75%\">\n<figure class=\"wp-block-image size-full is-resized is-style-default\"><img loading=\"lazy\" decoding=\"async\" src=\"https:\/\/galabau-alraune.de\/wp-content\/uploads\/2021\/11\/Anfahrt-1.png\" alt=\"\" class=\"wp-image-315\" width=\"659\" height=\"530\"\/><\/figure>\n<\/div>\n<\/div>\n\n\n\n<h2 class=\"wp-block-heading\">Anfahrt mit \u00f6ffentlichen Verkehrsmitteln:<\/h2>\n\n\n\n<p>Mit den Buslinien 17, 28, 118, 177, 617 \u00fcber die Bahnstationen S-R\u00fcbenkamp, U+S-Barmbek oder U-Farmsen.<\/p>\n","protected":false},"excerpt":{"rendered":"<p>AZG AlrauneFabriciusstra\u00dfe 225-23122177 Hamburg Anfahrt mit \u00f6ffentlichen Verkehrsmitteln: Mit den Buslinien 17, 28, 118, 177, 617 \u00fcber die Bahnstationen S-R\u00fcbenkamp, U+S-Barmbek oder U-Farmsen.<\/p>\n","protected":false},"author":1,"featured_media":0,"parent":0,"menu_order":0,"comment_status":"closed","ping_status":"closed","template":"","meta":{"footnotes":""},"class_list":["post-75","page","type-page","status-publish","hentry"],"_links":{"self":[{"href":"https:\/\/naturerlebnispfad-alraune.de\/index.php\/wp-json\/wp\/v2\/pages\/75","targetHints":{"allow":["GET"]}}],"collection":[{"href":"https:\/\/naturerlebnispfad-alraune.de\/index.php\/wp-json\/wp\/v2\/pages"}],"about":[{"href":"https:\/\/naturerlebnispfad-alraune.de\/index.php\/wp-json\/wp\/v2\/types\/page"}],"author":[{"embeddable":true,"href":"https:\/\/naturerlebnispfad-alraune.de\/index.php\/wp-json\/wp\/v2\/users\/1"}],"replies":[{"embeddable":true,"href":"https:\/\/naturerlebnispfad-alraune.de\/index.php\/wp-json\/wp\/v2\/comments?post=75"}],"version-history":[{"count":1,"href":"https:\/\/naturerlebnispfad-alraune.de\/index.php\/wp-json\/wp\/v2\/pages\/75\/revisions"}],"predecessor-version":[{"id":76,"href":"https:\/\/naturerlebnispfad-alraune.de\/index.php\/wp-json\/wp\/v2\/pages\/75\/revisions\/76"}],"wp:attachment":[{"href":"https:\/\/naturerlebnispfad-alraune.de\/index.php\/wp-json\/wp\/v2\/media?parent=75"}],"curies":[{"name":"wp","href":"https:\/\/api.w.org\/{rel}","templated":true}]}}